-5*i. What is the thousands digit of z?
5
Let i = 1118 - -38. What is the units digit of i?
6
Suppose -761 = d - 2*d + 5*s, -721 = -d - 5*s. What is the hundreds digit of d?
7
What is the hundreds digit of ((-167265)/28)/(-9) - (-7)/28?
6
Let p = -35 - -38. Suppose 5*n + 1755 = 5*l, 5*l - p*n = 1073 + 672. Suppose -290 = -5*y + 5*w, 5*y - 3*w + 52 = l. What is the units digit of y?
0
Let p = -148 - -328. What is the tens digit of p?
8
Suppose 76*l = -18*l + 348834. What is the units digit of l?
1
Suppose a - 106 = 5*q, -a - 2*q + 386 = 2*a. What is the tens digit of a?
2
Let s(t) = 4*t**2 + 4*t - 1. Let r(j) = -8*j**2 - 8*j + 3. Let p(h) = 6*r(h) + 13*s(h). What is the tens digit of p(-8)?
2
What is the tens digit of (23595/9)/11 - 1/3?
3
Suppose 0 = 4*b + g - 8763, -5*g - 6635 = -2*b - 2270. What is the hundreds digit of b?
1
Let s be ((-2)/(-6))/((-2)/(-18)). Let w be 10/(-3) - (-24)/(-36) - 0. What is the tens digit of (-8)/(-2) - (w - s)?
1
Suppose a + 12 = 5*g, -2*a = g - 4*a - 6. Let n(f) = 3*f + 2 + 4*f**2 - 6*f - 2*f**2. What is the units digit of n(g)?
4
Suppose t - 480 - 108 = 0. What is the tens digit of t?
8
Suppose -11 = -4*u - 3*t - 2, -5*t = -3*u - 15. Suppose -2*j = -2*d - u - 42, 0 = -4*j + 5*d + 85. What is the tens digit of j?
2
Suppose 0 = -4*x + f - 2*f + 2829, -5*f - 3555 = -5*x. What is the hundreds digit of x?
7
Let l be -2 - (-1 - 0)*7. Let k(w) = 2*w - 6. Let g be k(l). Suppose 0 = g*m + m - 90. What is the units digit of m?
8
Let t(l) = -l**3 + 21*l**2 + 7*l - 20. Let v be ((-2)/4 - -1)/((-7)/(-294)). What is the units digit of t(v)?
7
Let s(l) = -1061*l + 3. What is the hundreds digit of s(-1)?
0
Let q(a) = -a**2 + 15*a + 4. Let z be q(15). Suppose w - 2*v - 10 = -4, z*v + 16 = 0. What is the units digit of (w/5)/((-2)/20)?
4
Let s = -20 - -2. Let t = -9 - s. What is the units digit of (1 + 3)/(t/18)?
8
Suppose 5*c - 750 = 490. What is the units digit of c?
8
What is the tens digit of 2692/6 + (-8)/(-24)?
4
Suppose 5*z - 14*z + 11142 = 0. What is the thousands digit of z?
1
Suppose 3*v = 2205 + 339. What is the tens digit of v?
4
Suppose -2*v - 2*u + 4 = -2, 3 = -3*u. Let m(w) = 7*w + 15. What is the tens digit of m(v)?
4
Suppose -4*l = -5*x - 70, -2*l - 3*x - 2*x = -20. Let n = l - 10. Suppose -8 = 5*s - n*c - 38, -9 = -2*s - c. What is the units digit of s?
5
Let f = -91 - -93. Suppose -5*g - 350 = -5*r, -73 = r - 2*r - f*g. What is the units digit of r?
1
Suppose 0 = -2*c + 106 + 88. What is the units digit of c?
7
Let o(j) = -j**3 + 14*j**2 - 6*j - 23. Let f be 21 - (4 + 0) - 4. What is the units digit of o(f)?
8
Suppose -2*l + 2*v = 3*v + 8172, 2*l = 2*v - 8166. What is the units digit of (15/(-4))/(-5) + l/(-20)?
5
Let m(l) be the first derivative of 13*l**3/3 + 3*l**2 - 9*l + 31. What is the units digit of m(4)?
3
Suppose -4*c + 4*z + 44 = 0, 2 = 2*c + 3*z - 0. Suppose -339 = -c*d + 4*d. What is the tens digit of d?
1
Let z(c) = c**2 - 9*c + 9. What is the units digit of z(-37)?
1
Let g = -7647 - -10878. What is the tens digit of g?
3
Let n = -8 - -8. Suppose -5*z = -n*z - 20. Suppose -3*y = z*w + y - 100, 0 = 5*w + 3*y - 127. What is the units digit of w?
6
Let j(o) = -140*o - 14. What is the hundreds digit of j(-5)?
6
Let j = 2 + 1. Suppose -5*v - 18 = 2, j*s - 5*v = 65. What is the units digit of s?
5
Let p be ((-14)/4)/(1/102). Let v = -197 - p. What is the units digit of v?
0
Suppose 0 = -3*h + 3*k + 20 + 454, 4*h + 3*k = 646. Let r = -63 + h. What is the units digit of r?
7
Let i = 527 - -19. What is the hundreds digit of i?
5
Suppose -4*j - 8 = -20. Suppose -385 = -j*v - 100. What is the tens digit of v?
9
Let n(t) = t**3 - 12*t**2 - 8*t - 14. Let v = 35 + -17. Suppose 3*h + 5*j = 29 - 10, 2*j - v = -2*h. What is the units digit of n(h)?
1
Let p be -4 + -1 - (-1 + -5). What is the tens digit of (0 - -1)/p + (67 - 2)?
6
Let t(p) = 2*p + 4. Let v(z) = 1. Let k(r) = -t(r) - 5*v(r). Let d be k(-6). Suppose 6 = -2*b, 0*g = d*g - 4*b - 36. What is the units digit of g?
8
Let m(t) = 5*t**2 - 2*t - 22. Let l be m(5). Suppose l = 4*v - 31. What is the tens digit of v?
3
Let y(m) = 139*m**2 + 6*m - 6. What is the units digit of y(1)?
9
Let z(u) = -u**3 + 7*u**2 - u - 6. Let n be (2/(-3))/((-3)/27). Let j be z(n). Suppose p + p = j. What is the units digit of p?
2
Let t(k) = 12*k**2 - 2*k. Let q be t(4). Suppose 21*w + q = 25*w. What is the units digit of w?
6
What is the hundreds digit of -3 - (90405/(-60) - 2/8)?
5
Suppose 90 = -a - 178. Let d = 547 + a. What is the units digit of d?
9
Let u be 4 + 5 + (4 - 1). Suppose -c = j, -u = 6*c - 2*c. Suppose f = -4*i - 0*f + 205, 3*f - j = 0. What is the tens digit of i?
5
Let i = 1013 - 474. What is the units digit of i?
9
Let y be 16/3*(17 - 11). What is the units digit of (-602)/(-8) - 8/y?
5
What is the tens digit of (-1)/(((-54)/(-13653))/(-6))?
1
Let t(d) = -d**3 + 10*d**2 - 7*d - 11. Let o be t(9). Let m(w) = 2*w - 10. Let h be m(o). Let b = 1 + h. What is the units digit of b?
5
Suppose 3*v = -3*n - 138, v = 4*n - 3*n - 36. Let m = v + 68. What is the tens digit of m?
2
Let m be 1299/45 + 34/30 + -1. Suppose 57 = -m*v + 32*v. What is the tens digit of v?
1
What is the thousands digit of -12 + (3 - -1214) - 7?
1
Let j(t) = -t**3 + 7*t**2 + t - 5. Let v be j(7). Let l(k) = 2*k**2 + 2*k + 1. Let b be l(v). Let i = b - -16. What is the units digit of i?
9
Let a(b) = b**2 - 17*b + 9. Let m be a(17). Suppose 0 = 5*h + 10. Let v = m + h. What is the units digit of v?
7
Let s = 408 + -742. Let n = 661 + s. What is the hundreds digit of n?
3
What is the units digit of 466/3*((-24)/4 - -9)?
6
Suppose 0 = 2*m - 2 - 4. Suppose 0 = -0*y + m*y - f + 6, 0 = 4*f. What is the units digit of 725/55 + y/11?
3
Let v(z) = 4*z**2 - z. Let o be v(-1). Suppose o*p - g = 134, p + 3*g - 30 = -0*g. Let q = -12 + p. What is the units digit of q?
5
Let k(s) = -848*s + 384. What is the thousands digit of k(-5)?
4
Let v(x) = 1 + 3 - 2 - 23*x. Let l be v(-2). Let m = 88 - l. What is the tens digit of m?
4
Suppose -424 - 668 = -3*a. What is the hundreds digit of a?
3
Let l be ((-20)/(-30))/((-4)/(-30)). Suppose 163 + 162 = l*r. Let v = 109 - r. What is the tens digit of v?
4
Suppose -72 = 4*c + 140. Let r = 114 + c. What is the units digit of r?
1
Let v = -1 - 9. Let d = 10 + v. What is the units digit of 23*(d - 1/(-1))?
3
Let f(m) = m + 9. Let j be f(-10). Let z(r) = -10*r**2 + r. Let q be z(j). Let l(h) = -h - 7. What is the units digit of l(q)?
4
Suppose -b + 10 = -300. Suppose 810 = 4*o - b. What is the units digit of o?
0
Let y(d) = 9*d**2 - 17*d - 347. What is the hundreds digit of y(-10)?
7
Let c = 59 + -57. What is the tens digit of (-605)/(-4) - -1 - c/8?
5
Let f(z) = -z**3 - 20*z**2 - 25*z - 209. What is the units digit of f(-23)?
3
Suppose 5*l + 3*c - 48 = 146, -5*c = l - 52. Suppose -3*x + l = -386. What is the tens digit of x?
4
Suppose 4 = 9*n - 13*n. Let z(f) = 22*f**2 + f - 1. What is the units digit of z(n)?
0
Suppose -21*y + 95 = -16*y. Let w = 6 - 2. Suppose -4*d + c + 96 = 5*c, -w*c - y = -d. What is the units digit of d?
3
Let u(n) = -n**3 - 5*n**2 + 3*n. Let v be u(-6). Let f = v - 14. Suppose f*m + 0*m = 116. What is the tens digit of m?
2
Suppose 0 = 3*h + p - 19, 5*h - 2*p - 8 = 20. What is the tens digit of 14/h - 3 - (-807)/9?
8
Suppose -6*n + 7001 = 4*b - n, b = -2*n + 1748. What is the thousands digit of b?
1
Let j be 50 - (-2 - 1)/(-3). Let g = j + -11. What is the tens digit of g?
3
Let u(h) = h**3 + 10*h**2 + 7*h + 1. Let i(b) = -b**3 - 12*b**2 - 14*b - 14. Let d be i(-11). Let w = 10 - d. What is the units digit of u(w)?
9
Suppose 27775 = 20*o - 7385. What is the thousands digit of o?
1
Let u = 2941 + -1565. What is the units digit of u?
6
Let m(t) be the second derivative of -11*t**3/6 - 5*t**2/2 + 3*t. Let c = -2 + -1. What is the units digit of m(c)?
8
Let p = 18 + -14. Suppose 3*q + 2 = p*q. Suppose r = -q*r + 90. What is the units digit of r?
0
Let d be 3*3/18*-4. Let p be (20/25)/(d/10). Let r(q) = -3*q + 1. What is the units digit of r(p)?
3
Let b(f) = -4*f - 2. Let l be b(-4). Suppose -5*z - l + 234 = 0. What is the units digit of z?
4
Suppose 4*u = 144*p - 139*p - 10496, 6308 = 3*p - 5*u. What is the units digit of p?
6
What is the units digit of